List the prime factors of g(-19).
11, 23
Let q(r) = 5*r + 36. Let t be 2/3*(-105)/(-10). List the prime factors of q(t).
71
Let i(p) = 3*p + 9. Let k(h) = h**2 - h + 5. Let m be k(0). What are the prime factors of i(m)?
2, 3
Suppose 3*f + 156 = 2*u, 306 = 4*u + f - 4*f. Suppose u = 5*t - 2*w + 7*w, 5*t - 69 = -2*w. List the prime factors of t.
13
Let j(m) = -2*m**3 + m**2 + 37. Let a be j(0). Suppose -r + a = -21. List the prime factors of r.
2, 29
Suppose -25 = 3*s - 4. Suppose 4*h = t + 38, h = -5*t + 1 - 2. Let w = h + s. List the prime factors of w.
2
Suppose 6*r - 65 = -5*n + r, 32 = 3*n - 4*r. Suppose 0 = n*p - 15*p + 243. List the prime factors of p.
3
Suppose 146*d = 149*d - 105. Suppose 7*s + 2*y = 2*s + 14, -5 = -5*s - 5*y. Suppose d + s = a. List the prime factors of a.
3, 13
Suppose -9*d = -3*d - 3954. List the prime factors of d.
659
Suppose 8*g - 2170 = 8582. What are the prime factors of g?
2, 3, 7
List the prime factors of (1 - 2)/((-11 + 4)/37093).
7, 757
What are the prime factors of (-1020)/40*(-16)/3?
2, 17
Suppose 3*q + 15 = 3*y, 0 = 3*y - 4*y - 5*q - 1. What are the prime factors of (y/3)/(13/1521)?
2, 3, 13
Let p(i) = -i**2 - 2*i + 5. Let t be p(-4). Let z(j) = -j**3 + 2*j**2 + 5*j + 5. List the prime factors of z(t).
5, 7
Suppose -4*x - 4*p + 2086 = -1322, 5*x = -2*p + 4263. What are the prime factors of x?
853
Suppose -u - 35 + 17 = 0. What are the prime factors of (u/(-12))/((-2)/(-64))?
2, 3
Let w be 54/(-4)*8/(-6). Let m = w - -42. What are the prime factors of m?
2, 3, 5
Suppose o - 2*n = 6*o - 2230, -892 = -2*o - 5*n. What are the prime factors of o?
2, 223
Let s be -2 - 4*(-44)/8. Let k = -12 + s. Suppose -k + 3 = -j. List the prime factors of j.
5
Let g = 18 + 8. Let j = g + -26. Suppose j = -5*m - 7 + 247. List the prime factors of m.
2, 3
Let g be 1/(-1) + (11 - 4). Let a be (-24)/((-2)/(g - 2)). Let c = a + -19. What are the prime factors of c?
29
Let q(s) = -21*s**3 + 12*s**2 + 41*s + 5. List the prime factors of q(-6).
29, 163
What are the prime factors of (68 - 70)*3*-47?
2, 3, 47
Let h(g) = g**2 + 10*g - 6. Let p be h(-11). Suppose 5*n = -5, 0*k = -k - 4*n + 60. Suppose p*o = 146 + k. List the prime factors of o.
2, 3, 7
Let k = -134 + 790. List the prime factors of k.
2, 41
Let m(w) = 34*w**2 + 19*w + 57. What are the prime factors of m(-4)?
3, 5, 7
Suppose 495 = 3*n - 48. Suppose 5*b = 3*q + 228, -5*b = -b - q - n. What are the prime factors of b?
3, 5
Let q be (0 - (-25)/(-20))*-36. What are the prime factors of (30/q)/((-2)/(-225))?
3, 5
Let c(k) = 9*k + 20. Let b be c(-6). Let f = 37 + b. Suppose -f*s + 226 = 40. What are the prime factors of s?
2, 31
Let k be 15/(-3)*(-60 - 0). Suppose -f - 4*g = -4*f + 15, -5*g = -3*f + 15. Suppose f*r = -r + k. List the prime factors of r.
2, 5
Let i = 1149 - 255. What are the prime factors of i?
2, 3, 149
Let a(h) = -7*h - 8. Suppose -4*m - 19 = -3. Let i be 1/(1*m/24). List the prime factors of a(i).
2, 17
Suppose 615 = 3*j - 3*a - 129, 5*a + 987 = 4*j. List the prime factors of j.
11, 23
Let a(z) = -3*z - 3. Let y be a(-1). Suppose y = -n, n = -m - 2*n + 45. List the prime factors of m.
3, 5
Suppose 0*n + 5*p = -n + 48, 112 = 4*n + 4*p. Let d(u) = 9*u - 40. List the prime factors of d(n).
167
Let i(b) = -b**2 + b + 12. Let z be i(6). Let k = 21 + z. List the prime factors of 6*((-3)/(-1) + k).
2, 3
Suppose -3*m = -4*j - 38, m - 4*j - 26 = -8. What are the prime factors of ((-24)/m)/((-33)/15 + 2)?
2, 3
What are the prime factors of (-10612)/(-20) + (-9)/15?
2, 5, 53
Suppose 4*o + 230 = 1178. Let m = o - 118. What are the prime factors of m?
7, 17
Suppose 11 = -3*b - 10. Let i be (-2)/b + (-132)/(-77). Suppose 102 = i*c + c. What are the prime factors of c?
2, 17
Let k = 389 - 132. Suppose 3*a + 236 = -y + 638, -2*a + k = -3*y. What are the prime factors of a?
7, 19
Let w(x) = x**2 + x + 7. Suppose -80 = z - 9*z. List the prime factors of w(z).
3, 13
Let k = -89 + 344. List the prime factors of k.
3, 5, 17
Let x(b) = 27*b**2 - 17*b + 8. List the prime factors of x(-6).
2, 541
Let w be ((6 - 5)/(-1))/((-3)/390). Suppose 17 - 2 = 5*o. Suppose 0 = -8*u + o*u + w. What are the prime factors of u?
2, 13
Suppose 104 = -2*u - y + 661, 5*u - 2*y = 1388. What are the prime factors of u?
2, 139
Suppose 2*g + 3*l = -l - 2, 0 = -3*g + 4*l - 33. Let k be (5 + g)*5/(-2). Suppose 1 + k = v. What are the prime factors of v?
2, 3
Suppose 29*d = 36*d - 4382. List the prime factors of d.
2, 313
Let a(r) = 4*r**2 + 2*r + 2. Let g be a(3). Let v = g + 34. Let c = 128 - v. List the prime factors of c.
2, 5
Suppose -11*j = -8*j - 714. Suppose 1 + 5 = 3*a, -p = a - j. List the prime factors of p.
2, 59
Suppose 4*f - 1287 = f + 2*q, 0 = 2*f - q - 857. Suppose -f = -4*j + 2*j + 3*w, -3*j + 2*w + 648 = 0. What are the prime factors of j?
2, 109
Let a be -2 + 1 - (-275 + -1). Let y = -179 + a. What are the prime factors of y?
2, 3
Let f(t) = 41*t - 7. Let v be f(1). Let s = v - -52. What are the prime factors of s?
2, 43
Let i(r) = -r**2 - r - 49. Let l be i(0). Let q = l + 98. What are the prime factors of q?
7
Let u(q) = -q**3 - 6*q + 1599. List the prime factors of u(0).
3, 13, 41
Suppose -l + 4*n = 6, l + 2*n - 8 = -n. What are the prime factors of 26/195 + 2323/15 + l?
157
Suppose 2*k - 7*k = -10. Suppose -a + 6*a = w + 98, 38 = k*a - w. List the prime factors of a.
2, 5
Let v(h) = -h - 10. Let n be v(-13). Suppose c = -2, 0 = -0*p + 3*p + n*c - 249. What are the prime factors of p?
5, 17
Suppose 0 = -d + 5 - 1, s = -4*d + 50. Suppose -35*k + s*k = -113. List the prime factors of k.
113
Let w(b) = 147*b - 92. List the prime factors of w(11).
5, 61
Let y = 27 + -27. Suppose y*f + 66 = 2*f. Suppose -f = -2*t + 13. What are the prime factors of t?
23
Suppose 2*g - 1212 = 4*x - 6*x, -5*x = -4*g + 2406. List the prime factors of g.
2, 151
Let j(o) = 417*o**2 - 6*o - 6. What are the prime factors of j(-2)?
2, 3, 31
Let n = -112 + 59. Suppose 4*g + 3 = -13, -361 = -3*s + g. Let f = n + s. What are the prime factors of f?
2, 3, 11
Suppose 3*u = -3*u + 12. Suppose 3*c = -0*s - 3*s + 69, u*c = 10. What are the prime factors of s?
2, 3
Suppose -2*l = 3*j - 2*j - 227, l + 3*j = 101. What are the prime factors of l?
2, 29
Suppose 4*t + 9 = -4*s + 3*s, 4*t - 24 = -4*s. Let i(y) = 7*y - 15. Let z be i(s). Let b = z + -13. What are the prime factors of b?
7
Let k = -787 - -1443. What are the prime factors of k?
2, 41
Suppose 5*n - 6351 = -0*n - 2*f, -4*n = -2*f - 5088. What are the prime factors of n?
31, 41
Suppose -1 - 14 = -5*j. Suppose j*z = 4*o + o + 19, 0 = 2*z - 3*o - 12. List the prime factors of (15/(-10))/(z/(-20)).
2, 5
Suppose -3*h + 0*h + 96 = 0. List the prime factors of h - (3 + -3)/1.
2
Suppose -3*b + 20 = b. Suppose x = b*x - 120. What are the prime factors of x?
2, 3, 5
Suppose w + 4*w - 2*z - 25 = 0, -z = 0. Suppose 3*r - n - 264 = 6, 3*r - w*n - 258 = 0. List the prime factors of r.
7, 13
Let g(x) be the first derivative of -x**4/4 - 7*x**3/3 - x**2 - 4*x - 2. Let z be 945/(-133) + 2/19. List the prime factors of g(z).
2, 5
What are the prime factors of 80104/30 - ((-559)/195 - -3)?
2, 3, 5, 89
Let z(v) = -v**3 + 11*v**2 - 9*v - 3. Let r be z(10). Let w = 1 - 2. Let y = r - w. List the prime factors of y.
2
Suppose -w + 1698 - 610 = -4*k, -4*w = -k - 4397. List the prime factors of w.
2, 5, 11
Let k(y) be the second derivative of y**4/12 + 2*y**3 - 13*y**2/2 - 22*y. What are the prime factors of k(9)?
2, 11
Let q(i) = 38*i**2 - 9*i - 62. List the prime factors of q(8).
2, 3, 383
Let p = -42 - -684. What are the prime factors of p?
2, 3, 107
Let h = -867 + 1781. List the prime factors of h.
2, 457
Suppose -37 = -3*n - 5*o, 6*n - 2*o - 6 = 2*n. Suppose n + 14 = 3*b. List the prime factors of b.
2, 3
Let q be ((-9)/6)/((-3)/6). Suppose -d = -v + 4, -q*v = 3*d - 4*d - 22. What are the prime factors of (7 - v) + 3*3?
7
Let u(x) = -54*x - 24. Let m be (-45)/(-6)*-4*(-4)/(-24). What are the prime factors of u(m)?
2, 3, 41
Suppose -9*g = -4*g. Let q(b) be the first derivative of -b**3/3 + 28*b - 1. List the prime factors of q(g).
2, 7
What are the prime factors of 2 - (-2 - (1 + 236))?
241
Suppose 2739 = i - 5*m, 5*i - 3*m - 13755 = 2*m. List the prime factors of i.
2, 3, 17
Suppose 